actor of 105 and 390.
15
What is the greatest common factor of 432 and 816?
48
Calculate the greatest common factor of 11 and 81598.
11
What is the highest common divisor of 198 and 77?
11
What is the greatest common factor of 4867 and 62?
31
Calculate the greatest common divisor of 1666 and 56.
14
Calculate the highest common divisor of 855 and 360.
45
What is the highest common divisor of 39 and 39?
39
What is the greatest common divisor of 3472 and 280?
56
Calculate the highest common divisor of 8 and 20.
4
Calculate the highest common factor of 432 and 540.
108
What is the highest common factor of 648 and 48?
24
What is the greatest common divisor of 12 and 60?
12
Calculate the highest common factor of 100 and 4375.
25
Calculate the greatest common divisor of 81 and 927.
9
Calculate the greatest common divisor of 917 and 524.
131
What is the greatest common divisor of 100 and 1025?
25
Calculate the greatest common factor of 296 and 40.
8
What is the greatest common divisor of 6025 and 100?
25
What is the highest common factor of 1053 and 405?
81
Calculate the greatest common divisor of 10 and 110.
10
Calculate the greatest common divisor of 14 and 1134.
14
What is the highest common divisor of 4747 and 101?
101
What is the greatest common divisor of 611 and 13?
13
What is the greatest common divisor of 250 and 50?
50
Calculate the greatest common divisor of 128 and 8384.
64
What is the highest common factor of 70 and 56?
14
What is the greatest common divisor of 138 and 5842?
46
Calculate the highest common factor of 135 and 15.
15
What is the highest common divisor of 492 and 1464?
12
What is the highest common divisor of 89 and 7921?
89
Calculate the greatest common factor of 70 and 1855.
35
Calculate the greatest common divisor of 8323 and 369.
41
Calculate the greatest common divisor of 84 and 1260.
84
Calculate the highest common factor of 210 and 350.
70
What is the highest common divisor of 144 and 63?
9
Calculate the greatest common factor of 4 and 36.
4
Calculate the highest common factor of 126 and 266.
14
What is the highest common factor of 3 and 17091?
3
Calculate the highest common factor of 7 and 17.
1
What is the greatest common divisor of 51 and 493?
17
What is the greatest common factor of 48 and 48?
48
Calculate the greatest common factor of 67 and 268.
67
Calculate the highest common divisor of 186 and 1054.
62
What is the highest common factor of 10 and 410?
10
Calculate the greatest common factor of 8262 and 34.
34
What is the greatest common factor of 98 and 182?
14
What is the highest common factor of 648 and 2?
2
Calculate the greatest common divisor of 1620 and 3726.
162
Calculate the highest common divisor of 1 and 360.
1
What is the greatest common factor of 1470 and 30?
30
What is the highest common factor of 1085 and 35?
35
What is the greatest common divisor of 20 and 55?
5
What is the highest common divisor of 16 and 5968?
16
What is the highest common factor of 6 and 27?
3
Calculate the greatest common factor of 407 and 1375.
11
Calculate the greatest common divisor of 31504 and 176.
176
What is the greatest common divisor of 1110 and 330?
30
What is the highest common divisor of 172 and 3870?
86
What is the greatest common divisor of 70 and 945?
35
What is the greatest common divisor of 28 and 1932?
28
What is the greatest common factor of 376 and 16?
8
What is the highest common factor of 166 and 17347?
83
Calculate the greatest common factor of 629 and 37.
37
Calculate the greatest common factor of 11 and 1408.
11
Calculate the highest common divisor of 621 and 54.
27
Calculate the highest common divisor of 621 and 81.
27
Calculate the greatest common factor of 630 and 360.
90
What is the greatest common factor of 9 and 1899?
9
What is the greatest common factor of 304 and 1501?
19
Calculate the greatest common factor of 76 and 4.
4
What is the highest common factor of 475 and 25?
25
What is the highest common factor of 36 and 63?
9
What is the greatest common divisor of 705 and 15?
15
Calculate the highest common factor of 156 and 2076.
12
Calculate the greatest common divisor of 3869 and 159.
53
What is the greatest common factor of 195 and 520?
65
Calculate the highest common divisor of 112 and 42.
14
Calculate the highest common factor of 17 and 272.
17
What is the highest common divisor of 47 and 329?
47
Calculate the highest common divisor of 12835 and 170.
85
Calculate the greatest common factor of 14 and 250.
2
Calculate the highest common factor of 234 and 24.
6
Calculate the greatest common factor of 7476 and 168.
84
Calculate the highest common factor of 666 and 270.
18
Calculate the highest common factor of 154 and 42.
14
Calculate the highest common divisor of 90 and 6000.
30
Calculate the greatest common factor of 23298 and 198.
66
What is the greatest common divisor of 84 and 672?
84
Calculate the greatest common divisor of 7 and 55209.
7
Calculate the greatest common divisor of 34 and 34.
34
What is the highest common factor of 22880 and 130?
130
What is the highest common divisor of 38 and 361?
19
Calculate the highest common divisor of 13622 and 98.
98
What is the highest common divisor of 492 and 108?
12
What is the greatest common factor of 176 and 616?
88
What is the highest common divisor of 430 and 10?
10
Calculate the highest common divisor of 8226 and 12.
6
Calculate the highest common divisor of 550 and 1166.
22
Calculate the highest common factor of 259 and 74.
37
What is the greatest common factor of 1909 and 23?
23
Calculate the greatest common divisor of 14 and 1946.
14
Calculate the highest common divisor of 24 and 3624.
24
What is the highest common divisor of 578 and 34?
34
Calculate the greatest common factor of 85 and 187.
17
Calculate the greatest common factor of 9798 and 6.
6
What is the greatest common factor of 119 and 3128?
17
What is the highest common divisor of 38122 and 28?
14
Calculate the highest common divisor of 556 and 8201.
139
What is the highest common factor of 10 and 1010?
10
Calculate the highest common factor of 325 and 13.
13
What is the highest common factor of 259 and 14?
7
What is the greatest common divisor of 12 and 11028?
12
Calculate the highest common factor of 245 and 70.
35
Calculate the highest common divisor of 32 and 3104.
32
Calculate the highest common factor of 20 and 4.
4
Calculate the highest common factor of 154 and 3278.
22
Calculate the greatest common factor of 68 and 119.
17
What is the highest common divisor of 451 and 82?
41
What is the greatest common factor of 16 and 3208?
8
What is the greatest common factor of 40270 and 10?
10
What is the highest common factor of 3723 and 146?
73
What is the greatest common divisor of 40 and 128?
8
What is the greatest common factor of 360 and 135?
45
What is the greatest common factor of 174 and 15544?
58
What is the greatest common divisor of 1659 and 42?
21
What is the highest common factor of 588 and 480?
12
What is the greatest common factor of 12 and 192?
12
Calculate the greatest common factor of 103 and 74263.
103
Calculate the greatest common divisor of 64 and 2432.
64
Calculate the greatest common divisor of 12 and 60.
12
What is the greatest common factor of 9 and 477?
9
Calculate the greatest common factor of 8480 and 477.
53
Calculate the highest common factor of 108 and 126.
18
Calculate the greatest common factor of 1 and 97.
1
Calculate the greatest common divisor of 232 and 667.
29
What is the greatest common divisor of 575 and 10?
5
What is the highest common divisor of 1450 and 150?
50
Calculate the greatest common factor of 2580 and 420.
60
Calculate the highest common divisor of 910 and 650.
130
What is the greatest common divisor of 6 and 69?
3
Calculate the greatest common factor of 9 and 114.
3
What is the highest common divisor of 1870 and 102?
34
What is the highest common divisor of 714 and 112?
14
What is the greatest common divisor of 12443 and 23?
23
Calculate the greatest common factor of 168 and 1428.
84
Calculate the highest common divisor of 50 and 1350.
50
Calculate the highest common divisor of 60 and 48.
12
What is the highest common factor of 36 and 414?
18
What is the greatest common factor of 12 and 30?
6
What is the highest common factor of